
{"id":811,"date":"2015-09-08T10:36:57","date_gmt":"2015-09-08T09:36:57","guid":{"rendered":"https:\/\/djurensvanner.se\/skane\/?page_id=811"},"modified":"2023-08-08T15:21:48","modified_gmt":"2023-08-08T14:21:48","slug":"bortsprungna","status":"publish","type":"page","link":"https:\/\/djurensvanner.se\/skane\/bortsprungna\/","title":{"rendered":"Bortsprungna djur"},"content":{"rendered":"<h4>Du som blivit av med din katt:<\/h4>\n<ul>\n<li>Anm\u00e4l katten som f\u00f6rsvunnen hos <strong>polisen p\u00e5 tel 114 14<\/strong>.<\/li>\n<li><span style=\"font-size: 1rem;line-height: 1.5\">Om din katt \u00e4r ID-m\u00e4rkt s\u00e5 se till att dina uppgifter \u00e4r uppdaterade hos <a href=\"https:\/\/jordbruksverket.se\/djur\/hundar-katter-och-smadjur\/katter\/marka-och-registrera-katter\"><strong>Jordbruksverket<\/strong><\/a>. <\/span><span style=\"font-size: 1rem;line-height: 1.5\">G\u00f6r \u00e4ven dina uppgifter tillg\u00e4ngliga f\u00f6r allm\u00e4nheten<\/span><span style=\"font-size: 1rem;line-height: 1.5\"> p\u00e5<\/span><strong><span style=\"font-size: 1rem;line-height: 1.5\"> <a href=\"https:\/\/hundar.skk.se\/agarreg\/\" target=\"_blank\" rel=\"noopener\">djurid.se<\/a><\/span><\/strong><\/li>\n<li>S\u00e4tt ut en annons p\u00e5 sociala medier<\/li>\n<li>S\u00e4tt upp lappar i omr\u00e5det. Exempelvis i matbutiken, djuraff\u00e4ren eller hos veterin\u00e4ren.<\/li>\n<\/ul>\n<p>Kolla kontinuerligt i omr\u00e5det d\u00e4r din katt f\u00f6rsvann, det \u00e4r m\u00f6jligt att n\u00e5gon satt upp lappar om en upphittad katt! Be g\u00e4rna grannar eller de som bor i n\u00e4rheten att kolla i f\u00f6rr\u00e5d\/garage d\u00e4r katten kan ha smitit in och g\u00f6mt sig. S\u00e4tt ut mat p\u00e5 strategiska st\u00e4llen i anslutning till den plats d\u00e4r katten f\u00f6rsvann.G\u00e5 ut sena kv\u00e4llar\/tidiga mornar n\u00e4r det \u00e4r lugnt ute och locka p\u00e5 din katt, skramla g\u00e4rna med h\u00e5rda godsaker i en burk.<\/p>\n<p>Ge\u00a0<strong>inte<\/strong>\u00a0upp, katter kan vara f\u00f6rsvunna en l\u00e5ng tid och\u00a0<strong>\u00e4nd\u00e5<\/strong>\u00a0\u00e5terfinnas v\u00e4lbeh\u00e5llna. Lycka till!<\/p>\n<h4><\/h4>\n<h4>Om du hittat en katt:\u200b<\/h4>\n<p>Alla katter som \u00e4r ute \u00e4r inte heml\u00f6sa, men om katten \u00e4r mager, smutsig och tufsig i p\u00e4lsen s\u00e5 kan den mycket v\u00e4l vara heml\u00f6s. En relativt social och kelig katt som g\u00e5r att klappa och kanske \u00e4ven lyfta har f\u00f6rmodligen, eller har \u00e5tminstone haft, ett hem. Den kan dock vara bortsprungen och hittar inte hem igen.<\/p>\n<p>B\u00f6rja inte mata en katt som \u00e4r fin i hullet och i \u00f6vrigt verkar ok. Det kan vara en lite \u00e4ventyrlig katt som har ett hem men som unders\u00f6ker grannskapet. T\u00e4nk ocks\u00e5 p\u00e5 att om du b\u00f6rjar mata en ok\u00e4nd katt s\u00e5 kommer du i juridisk mening r\u00e4knas som dess \u00e4gare. D\u00e5 \u00e4r katten allts\u00e5 inte l\u00e4ngre \u00e4garl\u00f6s\/heml\u00f6s. N\u00e4r du har b\u00f6rjat ge mat till en heml\u00f6s katt och t.o.m. tar in den till dig, l\u00e5ter den sova i ditt garage eller liknande &#8211; d\u00e5 \u00e4r det du som har tagit ansvar f\u00f6r den!<\/p>\n<h5>Ta reda p\u00e5 om katten har en \u00e4gare<\/h5>\n<p>\u2013 Kolla om katten har ett halsband med kontaktuppgifter.<\/p>\n<p>\u2013 Kolla om katten \u00e4r ID-m\u00e4rkt\/\u00f6ronm\u00e4rkt. Den har d\u00e5 en siffer- och bokstavskombination tatuerad p\u00e5 insidan av \u00f6ronlappen (oftast v\u00e4nster \u00f6ra).<\/p>\n<p>\u2013 M\u00e5nga katter \u00e4r idag ID-m\u00e4rkta med ett chip som sitter i nacken. Det g\u00e5r generellt sett inte att k\u00e4nna detta, men om katten \u00e4r chipm\u00e4rkt kan chipet avl\u00e4sas med en speciell l\u00e4sare. Polisen, veterin\u00e4rkliniker och djurhem har oftast en s\u00e5dan l\u00e4sare.<\/p>\n<p>Om katten \u00e4r m\u00e4rkt kollar man upp id-numret p\u00e5 Jordbruksverkets register. M\u00e5nga katter \u00e4r fortfarande registrerade i Svenska Kennelklubben och det \u00e4r v\u00e4rt att kolla \u00e4ven d\u00e4r.<\/p>\n<h5>Katten \u00e4r inte m\u00e4rkt<\/h5>\n<ul>\n<li>Det f\u00f6rsta du b\u00f6r g\u00f6ra nu \u00e4r att ringa <strong>polisen p\u00e5 tel 114 14<\/strong> och kontrollera om katten \u00e4r anm\u00e4ld som bortsprungen och annars anm\u00e4la den som upphittad.<\/li>\n<li>H\u00f6r med grannar, s\u00e4tt upp lappar i aff\u00e4rer, trappuppg\u00e5ngar mm. Vissa katter kan dock r\u00f6ra sig inom mycket stora omr\u00e5den.<\/li>\n<li>Leta efter efterlysta katter p\u00e5 olika hemsidor. Ofta l\u00e4gger folk ut annonser p\u00e5 sociala medier. Kolla exempelvis i lokala Facebook-grupper om n\u00e5gon efterlyser en katt.<\/li>\n<li>Annonsera i lokala dagstidningar och leta efter annonser med bortsprungna katter.<\/li>\n<li>Kontakta oss och se om vi har lediga platser p\u00e5 v\u00e5rt djurhem. Skicka s\u00e5 mycket information som m\u00f6jligt till <a href=\"m&#97;&#x69;&#x6c;t&#111;&#58;&#x73;&#x6b;a&#110;&#x65;&#x40;d&#106;&#117;&#x72;&#x65;n&#115;&#x76;&#x61;n&#110;&#101;&#x72;&#x2e;s&#101;\">&#x73;&#x6b;&#97;&#110;&#101;&#64;&#x64;&#x6a;&#x75;&#114;&#101;ns&#x76;&#x61;&#x6e;&#110;&#101;r&#x2e;&#x73;&#x65;<\/a><\/li>\n<\/ul>\n<h5>\u200bHj\u00e4lp katten hitta ett hem\u200b<\/h5>\n<p>Kan du inte beh\u00e5lla katten, \u00e4r det allra b\u00e4st om du sj\u00e4lv f\u00f6rs\u00f6ker hitta n\u00e5gon som kan ge den ett gott, nytt hem. Djurens V\u00e4nner och andra organisationer tar emot upphittade katter, men observera att det \u00e4r h\u00f6gt tryck hos oss och det \u00e4r inte alltid vi har m\u00f6jlighet att ta emot fler katter.<\/p>\n","protected":false},"excerpt":{"rendered":"<p>Du som blivit av med din katt: Anm\u00e4l katten som f\u00f6rsvunnen hos polisen p\u00e5 tel 114 14. Om din katt \u00e4r ID-m\u00e4rkt s\u00e5 se till att dina uppgifter \u00e4r uppdaterade hos Jordbruksverket. G\u00f6r \u00e4ven dina uppgifter tillg\u00e4ngliga f\u00f6r allm\u00e4nheten p\u00e5 djurid.se S\u00e4tt ut en annons p\u00e5 sociala medier S\u00e4tt upp lappar i omr\u00e5det. Exempelvis i&hellip;<\/p>\n<p><a class=\"more-link\" href=\"https:\/\/djurensvanner.se\/skane\/bortsprungna\/\" title=\"Las mer &lsquo;Bortsprungna djur&rsquo;\">las mer <span class=\"meta-nav\">&rarr;<\/span><\/a><\/p>\n","protected":false},"author":2,"featured_media":0,"parent":0,"menu_order":0,"comment_status":"open","ping_status":"open","template":"","meta":{"_acf_changed":false,"footnotes":""},"class_list":["post-811","page","type-page","status-publish","hentry"],"acf":[],"_links":{"self":[{"href":"https:\/\/djurensvanner.se\/skane\/wp-json\/wp\/v2\/pages\/811","targetHints":{"allow":["GET"]}}],"collection":[{"href":"https:\/\/djurensvanner.se\/skane\/wp-json\/wp\/v2\/pages"}],"about":[{"href":"https:\/\/djurensvanner.se\/skane\/wp-json\/wp\/v2\/types\/page"}],"author":[{"embeddable":true,"href":"https:\/\/djurensvanner.se\/skane\/wp-json\/wp\/v2\/users\/2"}],"replies":[{"embeddable":true,"href":"https:\/\/djurensvanner.se\/skane\/wp-json\/wp\/v2\/comments?post=811"}],"version-history":[{"count":6,"href":"https:\/\/djurensvanner.se\/skane\/wp-json\/wp\/v2\/pages\/811\/revisions"}],"predecessor-version":[{"id":3109,"href":"https:\/\/djurensvanner.se\/skane\/wp-json\/wp\/v2\/pages\/811\/revisions\/3109"}],"wp:attachment":[{"href":"https:\/\/djurensvanner.se\/skane\/wp-json\/wp\/v2\/media?parent=811"}],"curies":[{"name":"wp","href":"https:\/\/api.w.org\/{rel}","templated":true}]}}