
{"id":702,"date":"2016-04-17T18:14:02","date_gmt":"2016-04-17T16:14:02","guid":{"rendered":"https:\/\/djurensvanner.se\/goteborg\/?page_id=702"},"modified":"2023-01-15T22:18:01","modified_gmt":"2023-01-15T21:18:01","slug":"bortsprungna-djur-2","status":"publish","type":"page","link":"https:\/\/djurensvanner.se\/goteborg\/bortsprungna-djur-2\/","title":{"rendered":"Bortsprungna djur"},"content":{"rendered":"<h3>Du som blivit av med din\u00a0katt:<\/h3>\n<ul>\n<li>S\u00e4tt ihop en efterlysning med information om katten, inkludera g\u00e4rna en bild, och kom ih\u00e5g dina kontaktuppgifter. Ange information om katten som k\u00f6n, om den \u00e4r id-m\u00e4rkt och kastrerad, samt information om n\u00e4r och var katten f\u00f6rsvann.\n<ul>\n<li>S\u00e4tt upp lappar med din efterlysning i omr\u00e5det d\u00e4r katten f\u00f6rsvann (aff\u00e4rer, anslagstavlor i trappuppg\u00e5ngar, bussh\u00e5llplatser och s\u00e5 vidare). S\u00e4tt hellre upp f\u00f6r m\u00e5nga \u00e4n f\u00f6r f\u00e5 &#8211; lappar tas ofta ner, s\u00e5 du kan beh\u00f6va s\u00e4tta upp nya igen efter n\u00e5gon dag. N\u00e4r du f\u00f6rhoppningsvis f\u00e5tt hem din katt, m\u00e5ste du ta ner alla lappar du satt upp.<\/li>\n<li>Annonsera online i Facebook-grupper, b\u00e5de s\u00e5dana f\u00f6r upphittade\/bortsprungna katter samt lokala grupper f\u00f6r omr\u00e5det som katten f\u00f6rsvunnit i. Kom ih\u00e5g att uppdatera inl\u00e4gget n\u00e4r du f\u00f6rhoppningsvis f\u00e5tt hem din katt!<\/li>\n<li>G\u00f6r en annons p\u00e5 <a href=\"http:\/\/www.vilse.nu\" target=\"_blank\" rel=\"noopener noreferrer\">vilse.nu<\/a>. Ta bort annonsen n\u00e4r den inte l\u00e4ngre beh\u00f6vs.<\/li>\n<\/ul>\n<\/li>\n<li>Leta efter katten. Kontrollera st\u00e4ngda utrymmen (k\u00e4llare, cykelrum, garage, vindsf\u00f6rr\u00e5d och s\u00e5 vidare), h\u00f6r med grannar, g\u00e5 runt och kalla p\u00e5 katten och skramla med mat eller godis. M\u00e5nga katter hittas efter att det blivit m\u00f6rkt. Ta med en ficklampa och lys i alla buskage, kattens \u00f6gon reflekterar ljuset. P\u00e5 natten n\u00e4r det \u00e4r nedsl\u00e4ckt och lugnt ute v\u00e5gar sig r\u00e4dda katter fram, s\u00e5 det kan vara bra att testa att leta d\u00e5. Be grannar titta i sina st\u00e4ngda utrymmen ifall din katt kan r\u00e5kat g\u00e5 in d\u00e4r.<\/li>\n<li>F\u00f6r id-m\u00e4rkta katter: se till att dina uppgifter \u00e4r uppdaterade i DjurID hos <a href=\"http:\/\/hundar.skk.se\/agarreg\/\" target=\"_blank\" rel=\"noopener noreferrer\">Svenska Kennelklubben<\/a>\u00a0och\/eller hos SVERAK:s <a href=\"https:\/\/www.id-registret.se\/\" target=\"_blank\" rel=\"noopener noreferrer\">ID-registret<\/a>.<\/li>\n<li>S\u00f6k efter upphittade katter p\u00e5 olika hemsidor. N\u00e5gra av de st\u00f6rsta av dessa hittar du under v\u00e5ra l\u00e4nkar.<\/li>\n<li>Anm\u00e4l katten som f\u00f6rsvunnen hos polisen p\u00e5 tel 114 14 eller via <a href=\"https:\/\/polisen.se\/utsatt-for-brott\/polisanmalan\/\">webben<\/a>.<\/li>\n<\/ul>\n<h3>Du som hittat en katt<\/h3>\n<p>Katten \u00e4r ett <a href=\"https:\/\/djurensvanner.se\/goteborg\/wp-content\/uploads\/sites\/30\/2023\/01\/katt-ute.jpg\" data-rel=\"lightbox-image-0\" data-rl_title=\"\" data-rl_caption=\"\" title=\"\"><img loading=\"lazy\" decoding=\"async\" class=\"size-medium wp-image-2156 alignright\" src=\"https:\/\/djurensvanner.se\/goteborg\/wp-content\/uploads\/sites\/30\/2023\/01\/katt-ute-225x300.jpg\" alt=\"\" width=\"225\" height=\"300\" srcset=\"https:\/\/djurensvanner.se\/goteborg\/wp-content\/uploads\/sites\/30\/2023\/01\/katt-ute-225x300.jpg 225w, https:\/\/djurensvanner.se\/goteborg\/wp-content\/uploads\/sites\/30\/2023\/01\/katt-ute-767x1024.jpg 767w, https:\/\/djurensvanner.se\/goteborg\/wp-content\/uploads\/sites\/30\/2023\/01\/katt-ute-768x1026.jpg 768w, https:\/\/djurensvanner.se\/goteborg\/wp-content\/uploads\/sites\/30\/2023\/01\/katt-ute-1150x1536.jpg 1150w, https:\/\/djurensvanner.se\/goteborg\/wp-content\/uploads\/sites\/30\/2023\/01\/katt-ute-262x350.jpg 262w, https:\/\/djurensvanner.se\/goteborg\/wp-content\/uploads\/sites\/30\/2023\/01\/katt-ute-75x100.jpg 75w, https:\/\/djurensvanner.se\/goteborg\/wp-content\/uploads\/sites\/30\/2023\/01\/katt-ute.jpg 1516w\" sizes=\"auto, (max-width: 225px) 100vw, 225px\" \/><\/a>sj\u00e4lvst\u00e4ndigt djur som g\u00e4rna str\u00f6var omkring. Ofta uppfattas en katt som heml\u00f6s trots att den inte \u00e4r det. Det f\u00f6rsta du b\u00f6r g\u00f6ra \u00e4r d\u00e4rf\u00f6r att kontrollera om katten verkligen \u00e4r heml\u00f6s. Har katten halsband? Har den tatuering i v\u00e4nster \u00f6ra? Om ja, \u00e4r den nog \u00e4gd, eller har \u00e5tminstone varit \u00e4gd. F\u00f6rs\u00f6k komma i kontakt med \u00e4garen f\u00f6r att s\u00e4kerst\u00e4lla att katten inte \u00e4r p\u00e5 vift.<\/p>\n<p>Ett bra tips ifall ingen synlig m\u00e4rkning finns \u00e4r att k\u00f6pa ett enkelt katthalsband, av typen med klickl\u00e5s s\u00e5 katten inte kan fastna i n\u00e5got och skadas. Skriv en liten lapp med en fr\u00e5ga om n\u00e5gon \u00e4ger katten, ange ditt telefonnummer, f\u00f6rklara situationen och be eventuell \u00e4gare att h\u00f6ra av sig. Om ingen h\u00f6r av sig och katten forts\u00e4tter synas till, indikerar det att katten kanske beh\u00f6ver hj\u00e4lp att hitta hem (eller i v\u00e4rsta fall ett nytt hem).<\/p>\n<ul>\n<li>Kolla om katten \u00e4r id-m\u00e4rkt. Finns tatuering i \u00f6rat? Den best\u00e5r av en kombination av fyra till fem bokst\u00e4ver\/siffror. Chipm\u00e4rkning \u00e4r numera den vanligaste typen av id-m\u00e4rkning, och det \u00e4r ett litet datachip som s\u00e4tts in i kattens nacke. Veterin\u00e4r, polis och djurskyddsorganisationer (som vi p\u00e5 Djurens V\u00e4nner) har chipavl\u00e4sare. Det g\u00e5r inte att avg\u00f6ra om det finns ett chip eller ej utan chipavl\u00e4sare.<\/li>\n<li>Ring polisen p\u00e5 telefon 114 14 och kontrollera om katten \u00e4r anm\u00e4ld som bortsprungen och annars anm\u00e4l den som upphittad (kan g\u00f6ras via telefon eller via eller via <a href=\"https:\/\/polisen.se\/utsatt-for-brott\/polisanmalan\/\">webben<\/a>).<\/li>\n<li>Det ena id-m\u00e4rkningsregistret heter DjurID och administreras av <a href=\"http:\/\/hundar.skk.se\/agarreg\/\" target=\"_blank\" rel=\"noopener noreferrer\">Svenska Kennelklubben<\/a>. Det andra registret tillhandah\u00e5lls av SVERAK och heter <a href=\"http:\/\/www.id-registret.se\" target=\"_blank\" rel=\"noopener noreferrer\">ID-registret<\/a>. B\u00e5da register kan man s\u00f6ka i som\u00a0privatperson, och det g\u00e5r bra att s\u00f6ka p\u00e5 delar av m\u00e4rkningen, exempelvis om inte hela\u00a0tatueringen \u00e4r l\u00e4sbar.<\/li>\n<li>H\u00f6r med grannar, s\u00e4tt upp lappar i aff\u00e4rer, trappuppg\u00e5ngar, h\u00e5llplatser, anslagstavlor och s\u00e5 vidare. Vissa katter kan r\u00f6ra sig inom mycket stora omr\u00e5den s\u00e5 s\u00e4tt upp m\u00e5nga lappar.<\/li>\n<li>Leta efter efterlysta\/bortsprungna katter p\u00e5 olika hemsidor. N\u00e5gra av de st\u00f6rsta av dessa hittar du under v\u00e5ra l\u00e4nkar. Det finns m\u00e5nga Facebook-grupper f\u00f6r just bortsprungna och upphittade djur.<\/li>\n<li>Annonsera i lokala dagstidningar och leta efter annonser med bortsprungna katter p\u00e5 Facebook och <a href=\"http:\/\/www.vilse.nu\" target=\"_blank\" rel=\"noopener noreferrer\">vilse.nu<\/a>.<\/li>\n<\/ul>\n<p>Djurens V\u00e4nner och andra organisationer kan ta emot upphittade katter, men observera att det hittas nya katter varje dag och k\u00f6erna att l\u00e4mna in en katt kan vara mycket l\u00e5nga s\u00e5 det finns ingen garanti att vi kan hj\u00e4lpa omg\u00e5ende.<\/p>\n","protected":false},"excerpt":{"rendered":"<p>Du som blivit av med din\u00a0katt: S\u00e4tt ihop en efterlysning med information om katten, inkludera g\u00e4rna en bild, och kom ih\u00e5g dina kontaktuppgifter. Ange information om katten som k\u00f6n, om den \u00e4r id-m\u00e4rkt och kastrerad, samt information om n\u00e4r och var katten f\u00f6rsvann. S\u00e4tt upp lappar med din efterlysning i omr\u00e5det d\u00e4r katten f\u00f6rsvann (aff\u00e4rer,&hellip;<\/p>\n<p><a class=\"more-link\" href=\"https:\/\/djurensvanner.se\/goteborg\/bortsprungna-djur-2\/\" title=\"Las mer &lsquo;Bortsprungna djur&rsquo;\">las mer <span class=\"meta-nav\">&rarr;<\/span><\/a><\/p>\n","protected":false},"author":2,"featured_media":0,"parent":0,"menu_order":0,"comment_status":"open","ping_status":"open","template":"","meta":{"_acf_changed":false,"footnotes":""},"class_list":["post-702","page","type-page","status-publish","hentry"],"acf":[],"_links":{"self":[{"href":"https:\/\/djurensvanner.se\/goteborg\/wp-json\/wp\/v2\/pages\/702","targetHints":{"allow":["GET"]}}],"collection":[{"href":"https:\/\/djurensvanner.se\/goteborg\/wp-json\/wp\/v2\/pages"}],"about":[{"href":"https:\/\/djurensvanner.se\/goteborg\/wp-json\/wp\/v2\/types\/page"}],"author":[{"embeddable":true,"href":"https:\/\/djurensvanner.se\/goteborg\/wp-json\/wp\/v2\/users\/2"}],"replies":[{"embeddable":true,"href":"https:\/\/djurensvanner.se\/goteborg\/wp-json\/wp\/v2\/comments?post=702"}],"version-history":[{"count":12,"href":"https:\/\/djurensvanner.se\/goteborg\/wp-json\/wp\/v2\/pages\/702\/revisions"}],"predecessor-version":[{"id":2159,"href":"https:\/\/djurensvanner.se\/goteborg\/wp-json\/wp\/v2\/pages\/702\/revisions\/2159"}],"wp:attachment":[{"href":"https:\/\/djurensvanner.se\/goteborg\/wp-json\/wp\/v2\/media?parent=702"}],"curies":[{"name":"wp","href":"https:\/\/api.w.org\/{rel}","templated":true}]}}