
{"id":1655,"date":"2020-11-20T00:02:37","date_gmt":"2020-11-19T23:02:37","guid":{"rendered":"https:\/\/djurensvanner.se\/goteborg\/?page_id=1655"},"modified":"2026-03-30T21:42:48","modified_gmt":"2026-03-30T19:42:48","slug":"volontararbete","status":"publish","type":"page","link":"https:\/\/djurensvanner.se\/goteborg\/volontararbete\/","title":{"rendered":"Volont\u00e4rarbete"},"content":{"rendered":"<p><em>For information in English, scroll down on this page.<\/em><\/p>\n<p>&nbsp;<\/p>\n<h3>Djurv\u00e4nner som ger av sin tid &#8211; <span style=\"color: #ff6600;\">just nu \u00e4r intresseanm\u00e4lan st\u00e4ngd<\/span><\/h3>\n<p><em style=\"font-size: 1rem;\"><a href=\"https:\/\/djurensvanner.se\/goteborg\/wp-content\/uploads\/sites\/30\/2025\/04\/ferrari_porsche.jpg\" data-rel=\"lightbox-image-0\" data-rl_title=\"\" data-rl_caption=\"\" title=\"\"><img loading=\"lazy\" decoding=\"async\" class=\"size-medium wp-image-2776 alignright\" src=\"https:\/\/djurensvanner.se\/goteborg\/wp-content\/uploads\/sites\/30\/2025\/04\/ferrari_porsche-300x205.jpg\" alt=\"\" width=\"300\" height=\"205\" srcset=\"https:\/\/djurensvanner.se\/goteborg\/wp-content\/uploads\/sites\/30\/2025\/04\/ferrari_porsche-300x205.jpg 300w, https:\/\/djurensvanner.se\/goteborg\/wp-content\/uploads\/sites\/30\/2025\/04\/ferrari_porsche-1024x701.jpg 1024w, https:\/\/djurensvanner.se\/goteborg\/wp-content\/uploads\/sites\/30\/2025\/04\/ferrari_porsche-768x526.jpg 768w, https:\/\/djurensvanner.se\/goteborg\/wp-content\/uploads\/sites\/30\/2025\/04\/ferrari_porsche-1536x1052.jpg 1536w, https:\/\/djurensvanner.se\/goteborg\/wp-content\/uploads\/sites\/30\/2025\/04\/ferrari_porsche-350x240.jpg 350w, https:\/\/djurensvanner.se\/goteborg\/wp-content\/uploads\/sites\/30\/2025\/04\/ferrari_porsche-146x100.jpg 146w, https:\/\/djurensvanner.se\/goteborg\/wp-content\/uploads\/sites\/30\/2025\/04\/ferrari_porsche.jpg 2048w\" sizes=\"auto, (max-width: 300px) 100vw, 300px\" \/><\/a>Senast uppdaterad: 2026-03-30<\/em><\/p>\n<p class=\"p1\"><span class=\"s1\">\u00c4r du intresserad av att skaffa ett nytt fritidsintresse? Ett intresse som inneb\u00e4r att du en (eller flera) g\u00e5nger i veckan kommer till en lokal d\u00e4r det bor ett g\u00e4ng heml\u00f6sa katter som beh\u00f6ver en st\u00e4dad lokal, rena toaletter, fr\u00e4scht vatten, mat serverad, hakor kliade och sm\u00e5 kroppar aktiverade? Har du energi att g\u00f6ra grovjobbet med sopkvasten och skurmoppen d\u00e4r l\u00f6nen f\u00f6r arbetet \u00e4r att f\u00e5 umg\u00e5s med katter under tiden? Vill du tr\u00e4ffa andra likasinnade som ocks\u00e5 v\u00e4rnar f\u00f6r de o\u00f6nskade katterna, och vill g\u00f6ra en insats f\u00f6r att dessa djur i n\u00f6d ska ha ett bra st\u00e4lle att mellanlanda innan de f\u00f6rhoppningsvis snart flyttar till ett nytt hem? Om detta passar in p\u00e5 dig, och du \u00e4r villig att g\u00f6ra jobbet helt ideellt, kanske du \u00e4r en av v\u00e5ra framtida volont\u00e4rer! Vi bjuder l\u00f6pande in nya volont\u00e4rer, men intresset \u00e4r stort och tyv\u00e4rr har vi inte kapacitet att bjuda in alla. Det \u00e4r just nu bara aktuellt att bjuda in volont\u00e4rer som kan stanna l\u00e5ngsiktigt (mer \u00e4n sex m\u00e5nader).<\/span><\/p>\n<p class=\"p1\"><span class=\"s1\">Hos oss \u00e4r alla volont\u00e4rer och arbetar allts\u00e5 gratis p\u00e5 sin fritid. Vi volont\u00e4rer sk\u00f6ter katthemmet, det finns inga andra ut\u00f6ver oss som g\u00f6r jobbet \u2013 vi tar hand om b\u00e5de lokalen och katterna som bor d\u00e4r. D\u00e4rf\u00f6r beh\u00f6ver vi vara m\u00e5nga djurv\u00e4nner som ger av sin tid och energi och tillsammans bemannar katthemmet, vilket vi g\u00f6r tv\u00e5 pass om dagen, alla dagar om \u00e5ret \u2013 \u00e4ven julafton och midsommar. Tiderna f\u00f6r v\u00e5ra arbetspass \u00e4r kl 10-14 och kl 18-21. Vi s\u00f6ker prestigel\u00f6sa personer som vill bidra till helheten f\u00f6r att f\u00e5 katthemmet att fungera, personer som st\u00e4ller upp f\u00f6r varandra och tar ett extra pass n\u00e4r n\u00e5gon pl\u00f6tsligt blir sjuk och m\u00e5ste st\u00e4lla in. Vi volont\u00e4rarbetar f\u00f6r en god sak, f\u00f6r katternas skull och f\u00f6r att vi beh\u00f6vs.<\/span><\/p>\n<p><span style=\"color: #000000;\"><em style=\"color: #333333; font-size: 1rem;\">\u00c5ldersgr\u00e4ns f\u00f6r volont\u00e4rarbete: 18 \u00e5r.<\/em><\/span><\/p>\n<h4><a href=\"https:\/\/djurensvanner.se\/goteborg\/wp-content\/uploads\/sites\/30\/2025\/08\/kitty.jpg\" data-rel=\"lightbox-image-1\" data-rl_title=\"\" data-rl_caption=\"\" title=\"\"><img loading=\"lazy\" decoding=\"async\" class=\"size-medium wp-image-2821 alignleft\" src=\"https:\/\/djurensvanner.se\/goteborg\/wp-content\/uploads\/sites\/30\/2025\/08\/kitty-215x300.jpg\" alt=\"\" width=\"215\" height=\"300\" srcset=\"https:\/\/djurensvanner.se\/goteborg\/wp-content\/uploads\/sites\/30\/2025\/08\/kitty-215x300.jpg 215w, https:\/\/djurensvanner.se\/goteborg\/wp-content\/uploads\/sites\/30\/2025\/08\/kitty-736x1024.jpg 736w, https:\/\/djurensvanner.se\/goteborg\/wp-content\/uploads\/sites\/30\/2025\/08\/kitty-768x1069.jpg 768w, https:\/\/djurensvanner.se\/goteborg\/wp-content\/uploads\/sites\/30\/2025\/08\/kitty-1103x1536.jpg 1103w, https:\/\/djurensvanner.se\/goteborg\/wp-content\/uploads\/sites\/30\/2025\/08\/kitty-251x350.jpg 251w, https:\/\/djurensvanner.se\/goteborg\/wp-content\/uploads\/sites\/30\/2025\/08\/kitty-72x100.jpg 72w, https:\/\/djurensvanner.se\/goteborg\/wp-content\/uploads\/sites\/30\/2025\/08\/kitty.jpg 1471w\" sizes=\"auto, (max-width: 215px) 100vw, 215px\" \/><\/a>Vad tycker de som redan \u00e4r volont\u00e4rer?<\/h4>\n<p><span style=\"color: #000000;\"><a href=\"https:\/\/djurensvanner.se\/goteborg\/volontararbete\/volontarerna-berattar\/\">Klicka h\u00e4r<\/a> f\u00f6r att l\u00e4sa om<\/span> vad v\u00e5ra befintliga volont\u00e4rer har att ber\u00e4tta!<\/p>\n<h4 align=\"left\">Ans\u00f6k om att bli volont\u00e4r &#8211; <span style=\"color: #ff6600;\">just nu g\u00e5r det inte<\/span><\/h4>\n<div>\n<div align=\"left\">\n<p class=\"p2\">F\u00f6r tillf\u00e4llet har vi inte behov av fler intresseanm\u00e4lningar och tar d\u00e4rf\u00f6r inte emot ans\u00f6kningar om att bli volont\u00e4r. H\u00e5ll utkik p\u00e5 denna sida om ditt intresse \u00e4r l\u00e5ngsiktigt. N\u00e4r vi \u00f6ppnar ans\u00f6kan igen kommer h\u00e4r att finnas en l\u00e4nk till ett formul\u00e4r man fyller i f\u00f6r att skicka in sin ans\u00f6kan.<\/p>\n<\/div>\n<h4>Volont\u00e4r p\u00e5 katthemmet &#8211; eller jourhem?<\/h4>\n<p>\u00c4r det inte att vara volont\u00e4r p\u00e5 katthemmet som lockar dig, utan att vara jourhem? <a href=\"https:\/\/djurensvanner.se\/goteborg\/jourhem\/\">L\u00e4s mer om det p\u00e5 denna sida<\/a>.<\/p>\n<div align=\"left\">\n<p><span style=\"color: #ffffff;\">.<\/span><\/p>\n<h3><a href=\"https:\/\/djurensvanner.se\/goteborg\/wp-content\/uploads\/sites\/30\/2020\/02\/uk-e1581881566634.jpg\" data-rel=\"lightbox-image-2\" data-rl_title=\"\" data-rl_caption=\"\" title=\"\"><img loading=\"lazy\" decoding=\"async\" class=\"alignnone wp-image-1485\" src=\"https:\/\/djurensvanner.se\/goteborg\/wp-content\/uploads\/sites\/30\/2020\/02\/uk-300x185.jpg\" alt=\"\" width=\"32\" height=\"20\" \/><\/a> Volunteering at our shelter &#8211; info in English &#8211; <span style=\"color: #ff6600;\">the application to volunteer is temporary closed<\/span><\/h3>\n<p><em style=\"font-size: 1rem;\">Last updated: March 30th 2026<\/em><\/p>\n<div class=\"flex-1 overflow-hidden\">\n<div class=\"react-scroll-to-bottom--css-tqcho-79elbk h-full dark:bg-gray-800\">\n<div class=\"react-scroll-to-bottom--css-tqcho-1n7m0yu\">\n<div class=\"flex flex-col text-sm dark:bg-gray-800\">\n<div class=\"group w-full text-gray-800 dark:text-gray-100 border-b border-black\/10 dark:border-gray-900\/50 bg-gray-50 dark:bg-[#444654]\">\n<div class=\"flex p-4 gap-4 text-base md:gap-6 md:max-w-2xl lg:max-w-[38rem] xl:max-w-3xl md:py-6 lg:px-0 m-auto\">\n<div class=\"relative flex w-[calc(100%-50px)] flex-col gap-1 md:gap-3 lg:w-[calc(100%-115px)]\">\n<div class=\"flex flex-grow flex-col gap-3\">\n<div class=\"min-h-[20px] flex items-start overflow-x-auto whitespace-pre-wrap break-words\">\n<div class=\"markdown prose w-full break-words dark:prose-invert light\">\n<p class=\"p1\"><span class=\"s1\">Are you interested in acquiring a new hobby? An interest that involves coming to a shelter once (or several times) a week where a group of homeless cats resides, in need of a clean space, tidy litter boxes, fresh water, food being served, chins scratched, and their little bodies activated? Do you have the energy to do the heavy work with a broom and a mop, where the reward is to spend time with cats? Do you want to meet other like-minded people who also care for the unwanted cats and want to make an effort to give these animals in need a good place to stay before hopefully moving to a new home? If this sounds good to you and you\u2019re willing to help out on a volunteer basis, you might be the perfect fit for us! We invite new volunteers on a regular basis, but there are many people interested in joining the shelter, and unfortunately, we don\u2019t have the capacity to invite everyone. We are currently only looking for people who can volunteer long-term (more than six months).<\/span><\/p>\n<p class=\"p1\"><a href=\"https:\/\/djurensvanner.se\/goteborg\/wp-content\/uploads\/sites\/30\/2024\/10\/tiger_lotus1-1.jpg\" data-rel=\"lightbox-image-3\" data-rl_title=\"\" data-rl_caption=\"\" title=\"\"><img loading=\"lazy\" decoding=\"async\" class=\" wp-image-2603 alignright\" src=\"https:\/\/djurensvanner.se\/goteborg\/wp-content\/uploads\/sites\/30\/2024\/10\/tiger_lotus1-1-300x224.jpg\" alt=\"\" width=\"328\" height=\"245\" srcset=\"https:\/\/djurensvanner.se\/goteborg\/wp-content\/uploads\/sites\/30\/2024\/10\/tiger_lotus1-1-300x224.jpg 300w, https:\/\/djurensvanner.se\/goteborg\/wp-content\/uploads\/sites\/30\/2024\/10\/tiger_lotus1-1-1024x764.jpg 1024w, https:\/\/djurensvanner.se\/goteborg\/wp-content\/uploads\/sites\/30\/2024\/10\/tiger_lotus1-1-768x573.jpg 768w, https:\/\/djurensvanner.se\/goteborg\/wp-content\/uploads\/sites\/30\/2024\/10\/tiger_lotus1-1-1536x1145.jpg 1536w, https:\/\/djurensvanner.se\/goteborg\/wp-content\/uploads\/sites\/30\/2024\/10\/tiger_lotus1-1-350x261.jpg 350w, https:\/\/djurensvanner.se\/goteborg\/wp-content\/uploads\/sites\/30\/2024\/10\/tiger_lotus1-1-134x100.jpg 134w, https:\/\/djurensvanner.se\/goteborg\/wp-content\/uploads\/sites\/30\/2024\/10\/tiger_lotus1-1.jpg 2048w\" sizes=\"auto, (max-width: 328px) 100vw, 328px\" \/><\/a>At our shelter, we are all volunteers, working for free in our spare time. We take care of the cat shelter; there are no others besides us doing this job &#8211; we take care of both the premises and the cats that live there. Therefore, we need to be several animal lovers who generously give their time and energy to staff the cat shelter. We have two shifts a day, every day of the year &#8211; even on Christmas Eve and Midsummer. The shifts are 10 am &#8211; 2 pm, and 6 pm to 9 pm, every day. We are looking for prestigeless individuals who want to contribute to the overall operation of the cat shelter, people who support each other and will take an extra shift if someone suddenly falls ill and has to cancel their shift. We volunteer for a good cause, for the sake of the cats and because we are needed.<\/p>\n<p class=\"p1\"><em style=\"color: #333333; font-size: 1rem;\">Age limit for volunteer work: 18 years.<\/em><\/p>\n<\/div>\n<\/div>\n<\/div>\n<\/div>\n<\/div>\n<\/div>\n<\/div>\n<\/div>\n<\/div>\n<\/div>\n<div align=\"left\">\n<h4><a href=\"https:\/\/djurensvanner.se\/goteborg\/wp-content\/uploads\/sites\/30\/2025\/01\/lollo.jpg\" data-rel=\"lightbox-image-4\" data-rl_title=\"\" data-rl_caption=\"\" title=\"\"><img loading=\"lazy\" decoding=\"async\" class=\" wp-image-2742 alignleft\" src=\"https:\/\/djurensvanner.se\/goteborg\/wp-content\/uploads\/sites\/30\/2025\/01\/lollo-281x300.jpg\" alt=\"\" width=\"241\" height=\"257\" srcset=\"https:\/\/djurensvanner.se\/goteborg\/wp-content\/uploads\/sites\/30\/2025\/01\/lollo-281x300.jpg 281w, https:\/\/djurensvanner.se\/goteborg\/wp-content\/uploads\/sites\/30\/2025\/01\/lollo-958x1024.jpg 958w, https:\/\/djurensvanner.se\/goteborg\/wp-content\/uploads\/sites\/30\/2025\/01\/lollo-768x821.jpg 768w, https:\/\/djurensvanner.se\/goteborg\/wp-content\/uploads\/sites\/30\/2025\/01\/lollo-1437x1536.jpg 1437w, https:\/\/djurensvanner.se\/goteborg\/wp-content\/uploads\/sites\/30\/2025\/01\/lollo-327x350.jpg 327w, https:\/\/djurensvanner.se\/goteborg\/wp-content\/uploads\/sites\/30\/2025\/01\/lollo-94x100.jpg 94w, https:\/\/djurensvanner.se\/goteborg\/wp-content\/uploads\/sites\/30\/2025\/01\/lollo.jpg 1685w\" sizes=\"auto, (max-width: 241px) 100vw, 241px\" \/><\/a>What does the current volunteers think?<\/h4>\n<p><a href=\"https:\/\/djurensvanner.se\/goteborg\/volontararbete\/volontarerna-berattar\/\">Click here<\/a> to read (in Swedish) about what our current volunteers can tell you about their work!<\/p>\n<h4>Apply for volunteer work &#8211; <span style=\"color: #ff6600;\">the application is closed right now<\/span><\/h4>\n<p class=\"p1\">At the moment, we don&#8217;t have a need for more applications to be a volunteer, and are not accepting new applications. Keep an eye on this page if your interest is long term. When we open the application again, there will be a link here to the form you fill in to send your application.<\/p>\n<\/div>\n<h4>Volunteer at the shelter &#8211; or foster home?<\/h4>\n<p>Is it not volunteering at our cat shelter you are looking for, but being a foster home? <a href=\"https:\/\/djurensvanner.se\/goteborg\/jourhem\/\">Read more on this page<\/a>.<\/p>\n<\/div>\n<\/div>\n","protected":false},"excerpt":{"rendered":"<p>For information in English, scroll down on this page. &nbsp; Djurv\u00e4nner som ger av sin tid &#8211; just nu \u00e4r intresseanm\u00e4lan st\u00e4ngd Senast uppdaterad: 2026-03-30 \u00c4r du intresserad av att skaffa ett nytt fritidsintresse? Ett intresse som inneb\u00e4r att du en (eller flera) g\u00e5nger i veckan kommer till en lokal d\u00e4r det bor ett g\u00e4ng&hellip;<\/p>\n<p><a class=\"more-link\" href=\"https:\/\/djurensvanner.se\/goteborg\/volontararbete\/\" title=\"Las mer &lsquo;Volont\u00e4rarbete&rsquo;\">las mer <span class=\"meta-nav\">&rarr;<\/span><\/a><\/p>\n","protected":false},"author":2,"featured_media":0,"parent":0,"menu_order":0,"comment_status":"closed","ping_status":"closed","template":"","meta":{"_acf_changed":false,"footnotes":""},"class_list":["post-1655","page","type-page","status-publish","hentry"],"acf":[],"_links":{"self":[{"href":"https:\/\/djurensvanner.se\/goteborg\/wp-json\/wp\/v2\/pages\/1655","targetHints":{"allow":["GET"]}}],"collection":[{"href":"https:\/\/djurensvanner.se\/goteborg\/wp-json\/wp\/v2\/pages"}],"about":[{"href":"https:\/\/djurensvanner.se\/goteborg\/wp-json\/wp\/v2\/types\/page"}],"author":[{"embeddable":true,"href":"https:\/\/djurensvanner.se\/goteborg\/wp-json\/wp\/v2\/users\/2"}],"replies":[{"embeddable":true,"href":"https:\/\/djurensvanner.se\/goteborg\/wp-json\/wp\/v2\/comments?post=1655"}],"version-history":[{"count":91,"href":"https:\/\/djurensvanner.se\/goteborg\/wp-json\/wp\/v2\/pages\/1655\/revisions"}],"predecessor-version":[{"id":2984,"href":"https:\/\/djurensvanner.se\/goteborg\/wp-json\/wp\/v2\/pages\/1655\/revisions\/2984"}],"wp:attachment":[{"href":"https:\/\/djurensvanner.se\/goteborg\/wp-json\/wp\/v2\/media?parent=1655"}],"curies":[{"name":"wp","href":"https:\/\/api.w.org\/{rel}","templated":true}]}}